. List the prime factors of j(k).
3, 23
What are the prime factors of (-10 + 10308/(-96))/((-1)/8)?
3, 313
Let u be 24/(-21)*(34/(-4) - -5). Let x(c) = 13*c**3 - 5*c**2 + 7*c - 19. What are the prime factors of x(u)?
761
Let o = 20 - 15. Suppose -o*y - 764 = 4*q, 0*y + 2*y = q + 204. Let k = 319 + q. What are the prime factors of k?
3, 41
Let d = 72 + -70. Let g be (6 + -5)*(0 + d). Suppose -74 - 151 = -4*m + 3*w, m + g*w = 70. List the prime factors of m.
2, 3, 5
Let c = -148 + 150. Suppose 0 = 2*l + 3*o - 1110, -c*o - 3 = -11. List the prime factors of l.
3, 61
Let w(m) = -3*m - 11 + 3*m**2 - 2*m + 6*m + 4. Let k be w(2). Suppose k*i = 13*i - 1452. List the prime factors of i.
2, 11
Let s(g) = 216*g**2 + 4755*g + 2. Let r be s(-22). Let l(q) = -2*q - 7. Let x be l(6). Let d = x - r. What are the prime factors of d?
3, 5
Suppose -2*h + 32234 = 4*j, -71*j + 75*j = h + 32231. List the prime factors of j.
2, 3, 17, 79
Let o = -56 - -58. Suppose -o = 14*p - 86. Suppose 2*n + s = p*s + 76, -5*n + 190 = -5*s. List the prime factors of n.
2, 19
Let r be 10/(2*(-3)/12). Let j(z) be the first derivative of -z**4/4 - 7*z**3 - 25*z**2/2 - 8*z + 315. List the prime factors of j(r).
2, 23
Let d(w) = -2369*w - 53. Let q be d(-6). Suppose -q = -12*t - 685. List the prime factors of t.
1123
Suppose -2*x = -4*c + 22, 3*c - 4 = -c. Let p(i) = i**3 + 10*i**2 + 3*i + 13. Let t be p(x). Suppose 62 = 3*o - t. List the prime factors of o.
43
Let k(z) be the third derivative of -z**4/6 + 11*z**3/2 - 43*z**2. Suppose 5*c = t - 101, -83 = 4*c + 2*t - 5*t. What are the prime factors of k(c)?
113
What are the prime factors of (-40)/192*-24*3863*1?
5, 3863
Let y(u) = -470*u - 17. Let d be y(1). Let t = -252 - d. List the prime factors of t.
5, 47
Let v = 332 - 337. Let d(h) = 2*h**2 - 15*h - 82. What are the prime factors of d(v)?
43
Let c(s) = -24*s + 12. Let a be c(10). Let b be 6/2 - 959/7. Let o = b - a. List the prime factors of o.
2, 47
Let v(t) = -40*t**3 + 6*t**2 + 6*t + 1. Let h be v(-1). Suppose -h = 3*x - 1127. What are the prime factors of x?
2, 181
Let h be ((-7)/((-84)/16))/(2/3). Let o(q) = -2*q**2 - q**3 + 7*q - q**2 - h*q**2 + 1 - 2*q**2. List the prime factors of o(-9).
2, 5
Suppose 3*p - 3*a = 5019, 4*a = -3*p - 0*a + 5012. Let c = 3197 - p. List the prime factors of c.
5, 61
Suppose 52 = -3*w - 71. Let u = w + 41. Suppose -3*s + u*s = -5*r + 300, -3*r + s = -176. List the prime factors of r.
3, 19
Let w be ((-2)/8*-4)/((-1)/1). Let n be w/(-3)*9 - 82. Let r = -46 - n. List the prime factors of r.
3, 11
Let k(l) = 11*l - 2*l**3 - 15*l**3 - 5*l + 22 - 16*l**3 + 5*l**3 - 2*l**2. What are the prime factors of k(-3)?
2, 7, 53
List the prime factors of (60625/375)/((-15)/(-81)).
3, 97
Let p(j) = -406*j**3 + j**2 - 2. Let k be p(-1). Suppose 360 = 4*o - 4*h, -h = -5*o - 5*h + k. List the prime factors of o.
5, 17
Let o(a) = -a**3 - 15*a**2 + 66*a + 54. List the prime factors of o(-20).
2, 367
Let a(x) = -1733*x - 1889. What are the prime factors of a(-10)?
3, 5147
Let l be (31 - 1) + (-100)/20. Suppose 2*o - 4*z = 84, z - l = -2*o + 34. What are the prime factors of o?
2
Suppose -7*r + 16897 + 15772 = 0. Suppose 5*m - r + 1507 = 0. Suppose 312 = 2*v - 4*j, 4*v - 8*j - m = -4*j. List the prime factors of v.
2, 5
Let d(m) = m**3 + 3*m**2 - 3*m + 4. Let i be d(-4). Suppose i = 21*u - 24*u + 285. List the prime factors of u.
5, 19
Suppose 0 = 18*d - 530 - 10. Suppose 0 = d*u - 18*u - 2244. List the prime factors of u.
11, 17
Let j(l) = 16*l - 2*l - 5*l**2 + 2 + 4*l**2. Let r be j(15). List the prime factors of -1*-9*1 - (r + 10).
2, 3
Let l(u) = u + 22. Let q = -16 - -11. Let j be l(q). Suppose j*s - 22*s + 30 = 0. What are the prime factors of s?
2, 3
Let z(h) = 244*h**2 - 3934*h - 48. List the prime factors of z(18).
2, 3, 683
Suppose 5754 = -9*d + 15*d. What are the prime factors of (d - (2 + -4))*1?
31
Suppose -15*n - 67 = -502. Suppose -5*x + n*x - 12816 = 0. What are the prime factors of x?
2, 3, 89
Suppose -418 = -l + 1032. Let w = l + -780. List the prime factors of w.
2, 5, 67
Let a be (-2)/(-21) - (-260)/(-84). Let o = a - -7. Suppose -81 - 587 = -o*r. What are the prime factors of r?
167
Let q(c) = 233*c**2 - 14*c - 13. Let p be q(-1). Suppose -34*a = -956 - p. List the prime factors of a.
5, 7
Let l = 42042 + -29250. Suppose -23*r + 12899 = -l. What are the prime factors of r?
1117
What are the prime factors of (4/(-8))/(6/(-57156))?
11, 433
Let m = -980 - -3723. Suppose -4*n = -2*v + 1842, 0 = 3*v + 8*n - 9*n - m. What are the prime factors of v?
11, 83
Suppose 2344572 = 363*j - 309*j. List the prime factors of j.
2, 17, 1277
Let s(l) = l**2 + 32*l - 72. Let y be s(-34). What are the prime factors of ((-150)/3)/(y/80)?
2, 5
Let r(z) = 2*z**2 - 15*z + 110 - 362 + 188. List the prime factors of r(-17).
769
Suppose 37534 = 3*z - 5*f, 0 = 9*z - 5*z + 3*f - 50084. What are the prime factors of z?
2, 11, 569
Let g = 9834 + -2640. What are the prime factors of g?
2, 3, 11, 109
Let z = -19184 + 77861. List the prime factors of z.
3, 19559
Suppose -529 = -2*v - 335. Suppose -4*q - 12 = -5*a - q, 5*a - 8 = 2*q. Suppose a = 2*m, -m - 138 = -5*k + v. What are the prime factors of k?
47
Suppose -152154 + 22293 = -9*d. What are the prime factors of d?
47, 307
Let y(n) = -n**2 + 13*n - 26. Let j be y(8). Suppose -j*b + 583 = -1377. List the prime factors of (b/25)/(2 + 117/(-60)).
2, 7
Suppose -39*l + 17630 = -298777. What are the prime factors of l?
7, 19, 61
Suppose -10*l + 19671 = -7*l + 3*p, 0 = -2*l + 10*p + 13198. What are the prime factors of l?
2, 3, 547
Suppose 0 = 5*l + 3*a - 35, -240*a + 5 = -5*l - 235*a. Suppose 3*o + 5 - 17 = 0. What are the prime factors of 155 + -5 + o/l?
151
Let r(v) = 52*v**2 + 21*v - 8. List the prime factors of r(12).
2, 1933
Suppose 0 = -66*l - 27*l + 653790. List the prime factors of l.
2, 5, 19, 37
Let j(l) = -39*l + 13. Let t(i) = -i - 1. Let q(v) = j(v) - 5*t(v). Let f(c) = 6*c**2 + 19*c - 25. Let r be f(-4). List the prime factors of q(r).
2, 47
Let r(n) = 378*n**3 - 5*n**2 + 4*n. Suppose 2 + 0 = 2*h. What are the prime factors of r(h)?
13, 29
Let t = -12767 + 59001. List the prime factors of t.
2, 23117
Let w = -12441 - -14031. List the prime factors of w.
2, 3, 5, 53
Let a be 0 - 48/(-1 + 3/(-6)). Suppose q = 3*q - a. Suppose -184 = -4*n + q. What are the prime factors of n?
2, 5
Let s(j) = -690*j + 46. Let w be s(-11). What are the prime factors of w/22 - (1 - 40/44)?
347
Let c = -69 + 72. Suppose l - c = 4. Suppose -l*u + 594 = -u. List the prime factors of u.
3, 11
What are the prime factors of (-1 + 13)/(15/(-10)) - -4063?
5, 811
List the prime factors of ((-18308)/(-69) - 27)/(2/360).
2, 3, 5, 11, 13
Let v(q) be the third derivative of q**6/120 - 31*q**5/60 - 7*q**4/8 + 7*q**3 - 132*q**2. What are the prime factors of v(32)?
2, 197
Let w be ((-165)/22)/((-2)/(-20))*-1. Let l = w + -83. What are the prime factors of (84/l + -5)/(1/(-4))?
2, 31
Suppose 23188878 = -156*w + 305*w + 169*w. What are the prime factors of w?
3, 109, 223
Let i = 166 + -138. Suppose -37*x = -i*x - 2529. List the prime factors of x.
281
Let d(m) = 118*m**3 - 7*m**2 - 5*m. Let b(n) = -n**3 + n**2 + n. Let l(t) = -4*b(t) - d(t). Let r be l(-1). List the prime factors of r/(-8)*-8 + 4.
2, 3, 5
Suppose -104 = -u + n, 5*n = -8*u + 5*u + 344. Suppose -u = -20*f + 32. List the prime factors of f.
7
Let f(l) = -2*l + 21. Let a be f(-11). Let z = a + -47. What are the prime factors of (z - -6) + 2 + 143?
3, 7
Let u = -42 - -46. Suppose 2*k - k + 17 = -u*m, 0 = -5*k + 5*m + 40. Suppose -3*l - 3 = 0, 0 = k*w - 3*l - l - 760. List the prime factors of w.
2, 3, 7
Let r be 159/9 - (3 - (-20)/(-6)). List the prime factors of 2/r + 79387/99.
2, 401
Let w be (15/(-10)*-2)/(1/(-1)). Let q be -3*(-6)/9 + (-1 - w). Suppose -q*n + 610 = n. List the prime factors of n.
2, 61
Suppose -y + 3078 - 893 = -4*b, 5*b - 10 = 0. Suppose -69*u + 72*u = y. List the prime factors of u.
17, 43
Suppose 101*m = 99*m - 5*p + 6877, -3*p - 6837 = -2*m. What are the prime factors of m?
2, 3, 571
Let i(s) be the third derivative of -s**6/720 + s**5/8 - 7*s**4/12 - 21*s**2. Let m(d) be the second derivative of i(d). What are the prime factors of m(8)?
7
Let o(n) = 4*n**2 + 19*n - 